)?
490
Let t(m) = 17162*m + 205883. Calculate t(-12).
-61
Let b(f) = -15*f**2 - 4738*f - 189123. What is b(-269)?
-16
Let j(c) = 6*c**2 + 139*c + 196. Calculate j(-22).
42
Let o(u) = -4*u**3 - 7*u**2 + 94*u + 560. What is o(6)?
8
Let g(v) = -12*v**2 - 663*v - 8346. Calculate g(-19).
-81
Let b(a) = -308*a**2 + 2782*a - 24. Give b(9).
66
Let f(s) = 2*s**3 - 73*s**2 - 37*s + 2608. What is f(36)?
-20
Let w(o) = o**3 - 2*o**2 - 2079*o - 322. Give w(0).
-322
Let x(o) = -1501*o + 104713. Determine x(70).
-357
Let q(s) = 239*s - 16399. Calculate q(77).
2004
Let s(f) = 79*f**2 - 6631*f + 26505. Calculate s(4).
1245
Let s(d) = 3247250*d - 3247256. Determine s(1).
-6
Let w(l) = 75*l**3 + 58*l**2 - 203*l - 80. Give w(4).
4836
Let i(p) = 668*p + 2018. What is i(-5)?
-1322
Let h(c) = 9*c**3 + 70*c**2 + 155*c + 734. Determine h(-7).
-8
Let m(r) = r**3 + 71*r**2 - 1017*r - 982. Give m(13).
-7
Let v(x) = -x**3 + 45*x**2 + 304*x - 418. What is v(-7)?
2
Let l(n) = -78*n**2 - 1236*n + 14830. Calculate l(8).
-50
Let b(q) = -175*q**3 - 3*q**2 + 19*q + 44. Calculate b(-2).
1394
Let b(a) = -679899*a + 3399513. Calculate b(5).
18
Let i(h) = -h**3 + 809*h**2 - 28546*h - 13997. What is i(772)?
-101
Let s(y) = 3511*y + 38847. Calculate s(-11).
226
Let a(f) = 1270*f + 11479. What is a(-9)?
49
Let i(o) = 5143*o - 96965. What is i(19)?
752
Let b(n) = -162*n**3 + 4522*n**2 + 367*n + 692. Calculate b(28).
-8
Let f(a) = a**3 - 17*a**2 + 72*a + 150. Give f(21).
3426
Let f(i) = 2765*i - 19573. Calculate f(7).
-218
Let s(h) = 68*h**2 + 35637*h + 71007. What is s(-2)?
5
Let c(f) = 54492*f - 163401. Determine c(3).
75
Let n(h) = -h**3 + 43*h**2 + 139*h + 404. Determine n(46).
450
Let d(x) = 3552*x + 2166751. Give d(-610).
31
Let r(z) = -2997860*z - 8993559. Give r(-3).
21
Let p(r) = -2471*r - 212959. What is p(-85)?
-2924
Let t(j) = 1782*j - 456157. What is t(256)?
35
Let j(o) = -o**2 - 14056*o + 225149. Calculate j(16).
-3
Let x(q) = -q**3 - 2*q**2 - 1267*q + 3853. What is x(3)?
7
Let g(o) = 3*o**2 + 161*o - 19552. What is g(-112)?
48
Let k(n) = -n**3 + n**2 + 457*n + 50. Calculate k(22).
-60
Let a(q) = -q**2 - 625*q + 75886. Determine a(104).
70
Let g(p) = 67053*p - 737565. Give g(11).
18
Let b(d) = d**3 - 106*d**2 - 4670*d + 11531. What is b(139)?
-6
Let s(p) = p**3 - 105*p**2 - 1531*p - 187. Give s(118).
167
Let z(m) = 2*m**3 - 605*m**2 - 27785*m + 685. What is z(343)?
-1
Let w(m) = 110*m**2 - 10001*m - 827. Give w(91).
-8
Let v(y) = -61*y - 6750. Determine v(-120).
570
Let f(r) = -341*r - 31836. Calculate f(-93).
-123
Let l(h) = -2*h**3 + 67*h**2 - 87*h - 257. Determine l(32).
31
Let n(k) = k**3 + 28*k**2 + 129*k - 873. Calculate n(-18).
45
Let c(p) = 7625*p - 22196375. Give c(2911).
0
Let r(f) = 17152*f - 1080588. Give r(63).
-12
Let x(c) = 2*c**3 + 126*c**2 - 259*c + 466. What is x(-65)?
401
Let p(h) = -18909*h - 151265. Determine p(-8).
7
Let f(m) = 58*m**3 - 291*m**2 + 57*m - 6. Determine f(5).
254
Let k(o) = o**3 - 113*o**2 + 49*o - 32089. What is k(115)?
-4
Let f(m) = 4*m**2 + 139*m + 916. Determine f(-27).
79
Let r(g) = -2*g**2 - 213*g + 2730. What is r(12)?
-114
Let m(i) = -i**3 - 38*i**2 + 1489*i - 496. What is m(-62)?
-558
Let n(r) = -r**2 + 167700*r - 1676900. Give n(10).
0
Let i(l) = 370*l**2 + 1506*l + 1169. Calculate i(-3).
-19
Let s(b) = b**3 - 25*b**2 + 19*b - 1608. Calculate s(24).
-1728
Let i(g) = 25405*g + 1346467. Determine i(-53).
2
Let j(x) = -354*x**2 - 1957*x + 1004. Give j(-6).
2
Let n(w) = w**2 + 701*w - 37115. Determine n(49).
-365
Let u(c) = 3*c**3 + 1558*c**2 + 17273*c + 504. Calculate u(-508).
-4
Let k(l) = 3*l**2 - 25370*l - 1430115. Determine k(-56).
13
Let u(m) = 1540*m + 10680. Give u(-7).
-100
Let h(p) = -p**2 + 1394*p - 276952. Calculate h(240).
8
Let v(x) = 9*x**3 + 2*x**2 - 677*x + 59. Determine v(0).
59
Let k(r) = -77*r + 10301. Determine k(135).
-94
Let l(i) = -65*i**2 + 36472*i - 40248. What is l(560)?
72
Let i(b) = 2*b**2 + 265*b + 10044. Determine i(-39).
2751
Let x(b) = -155*b**2 - 96*b - 15. Determine x(0).
-15
Let h(d) = d**3 - 43*d**2 - 104*d - 305. Give h(44).
-2945
Let y(c) = -5812*c - 26497. What is y(-5)?
2563
Let j(k) = -k**2 - 146*k + 2367. Give j(-155).
972
Let x(q) = q**3 - 306*q**2 + 6774*q - 1660. Give x(282).
32
Let x(p) = -613*p + 198067. Determine x(323).
68
Let p(r) = -r**3 - 323*r**2 - 1626*r - 178. Determine p(-5).
2
Let o(s) = -11*s**3 - 213*s**2 - 64*s + 28. Give o(-19).
-200
Let n(h) = 26*h**2 + 1467*h + 15339. Give n(-14).
-103
Let x(i) = 10*i**2 - 85672*i - 171347. Determine x(-2).
37
Let k(g) = 60919*g + 1218409. Determine k(-20).
29
Let z(q) = -630*q - 18445. Calculate z(-30).
455
Let j(f) = -f**3 - 179*f**2 - 1260*f + 18479. Determine j(-171).
11
Let r(f) = -f**3 - 116*f**2 + 2108*f - 345. Determine r(-132).
183
Let q(u) = -u**3 + 105*u**2 - 2597*u - 1880. Calculate q(42).
178
Let i(n) = -11*n**2 + 2083*n + 9821. What is i(194)?
-73
Let u(r) = -r**3 + 21*r**2 + 42*r - 408. Give u(12).
1392
Let y(j) = 3650*j - 1912591. Calculate y(524).
9
Let g(m) = 126*m**2 + 5661*m - 86. Give g(-45).
319
Let x(w) = -w**3 + 44*w**2 + 6982*w - 321518. Determine x(47).
9
Let p(x) = 79*x**3 - 315*x**2 + 176*x - 735. Give p(4).
-15
Let x(v) = -693*v + 11776. What is x(18)?
-698
Let y(r) = r**3 + 741*r**2 - 8906*r + 97885. Determine y(-753).
-5
Let g(l) = l**3 + 128*l**2 + 513*l + 2181. Determine g(-124).
73
Let h(b) = 484423*b - 3390959. Determine h(7).
2
Let x(q) = 30*q**2 - 573*q + 2687. Calculate x(11).
14
Let s(f) = 8*f**2 + 309*f + 53. Give s(-46).
2767
Let z(y) = 8*y**2 - 1166*y - 68608. Calculate z(-45).
62
Let b(a) = 325*a**2 - 19497*a - 199. Calculate b(60).
-19
Let y(c) = -349*c - 14801. Give y(-43).
206
Let k(d) = -8*d**3 - 108*d**2 + 538*d + 7668. Calculate k(-13).
-2
Let g(z) = z**3 - 13*z**2 + 22*z - 508. Give g(15).
272
Let h(w) = 8844*w**2 - 88328*w - 1140. What is h(10)?
-20
Let o(i) = -1544*i + 46305. Give o(30).
-15
Let a(r) = -1398*r - 233600. Calculate a(-167).
-134
Let q(b) = 3*b**2 + 2697*b - 55855. What is q(20)?
-715
Let x(c) = 142*c**2 + 97*c - 45. Give x(-1).
0
Let v(n) = n**3 - 118*n**2 + 248*n - 1147. Calculate v(116).
709
Let z(v) = -32816*v - 98577. Calculate z(-3).
-129
Let a(f) = -8658*f - 8617. Give a(-1).
41
Let l(z) = z**3 - 216*z**2 + 10542*z + 2469. What is l(75)?
-6
Let k(l) = 217*l + 31413. What is k(-142)?
599
Let t(r) = -r**2 - 193*r - 2862. What is t(-14)?
-356
Let p(l) = -163006*l + 326083. Determine p(2).
71
Let f(n) = 351*n**3 + 12284*n**2 - 32*n + 250. Determine f(-35).
145
Let v(t) = 60*t + 1378. Calculate v(-25).
-122
Let q(g) = g**3 - 123*g**2 + 146*g - 2942. What is q(122)?
-14
Let u(c) = -c**2 + 253*c + 67232. Calculate u(-162).
2
Let u(o) = 10667*o + 135. Determine u(0).
135
Let a(v) = v**2 - 85*v - 1371. Give a(99).
15
Let v(s) = s**3 - s**2 - 329*s + 2266. What is v(13)?
17
Let x(n) = -12887*n + 360820. Give x(28).
-16
Let l(r) = -38019*r + 456313. Determine l(12).
85
Let t(b) = -b**3 + 85*b**2 + 716*b - 222. Calculate t(-8).
2
Let c(b) = -824*b + 43564. Calculate c(52).
716
Let a(q) = 16*q**2 + 9813*q - 16589. Calculate a(-615).
16
Let w(q) = -246*q**2 + 10492*q + 3. Calculate w(43).
-3695
Let r(l) = -2476*l**2 + 76763*l - 218. Determine r(31).
-1
Let d(q) = -q**2 - 4084*q + 422627. Calculate d(101).
-58
Let g(r) = -10*r**3 + 19*r**2 - 37*r - 11. Give g(2).
-89
Let s(c) = 2232*c - 381645. Determine s(171).
27
Let m(w) = -140*w**3 + 8270*w**2 - 595*w + 284. Determine m(59).
-11
Let f(u) = 39*u + 1313. Calculate f(9).
1664
Let a(p) = 101856*p - 1120403. Determine a(11).
13
Let z(m) = -302*m - 248. Give z(3).
-1154
Let k(l) = 3*l**3 + 37*l**2 + 18*l + 281. Give k(-12).
209
Let m(t) = -19860*t + 59572. Calculate m(3).
-8
Let c(o) = 84011*o + 755841. Determine c(-9).
-258
Let p(m) = 2*m**2 + 194*m - 34920. Determine p(-189).
-144
Let q(f) = 1728*f + 6007. Calculate q(-4).
-905
Let h(d) = d**2 - 6*d - 5096. What is h(74)?
-64
Let t(o) = -162*o**2 - 10529*o + 68. Calculate t(-65).
3
Let l(b) = -23918*b + 574037. Give l(24).
5
Let c(w) = -18*w**2 + 108*w - 1246. What is c(11)?
-2236
Let g(q) = 5*q**2 - 47861*q - 191444. Give g(-4).
80
Let y(t) = 31*t**3 + 20*t**2 + 62*t + 54. What is y(-4)?
-1858
Let k(l) = -122*l**3 - 6*l**2 - 15*l - 18. What is k(-2)?
964
Let d(x) = 3*x**2 